{"id":67,"date":"2016-06-14T05:20:40","date_gmt":"2016-06-14T05:20:40","guid":{"rendered":"http:\/\/sw-themes.com\/porto_dummy\/?page_id=67"},"modified":"2018-09-13T15:36:39","modified_gmt":"2018-09-13T13:36:39","slug":"caratteristiche","status":"publish","type":"page","link":"https:\/\/www.manutronix.com\/index.php\/caratteristiche\/","title":{"rendered":"Caratteristiche"},"content":{"rendered":"<div class=\"wpb-content-wrapper\"><p>[vc_row][vc_column][vc_custom_heading text=&#8221;<strong>Caratteristiche<\/strong> e le funzionalit\u00e0 chiave&#8221; use_theme_fonts=&#8221;yes&#8221;][\/vc_column][\/vc_row][vc_row][vc_column offset=&#8221;vc_col-md-10 vc_col-xs-12&#8243;][vc_column_text el_class=&#8221;featured lead&#8221;]Manutronix \u00e8 un software composto da vari moduli integrati tra loro. Il sistema si adatta facilmente ai pi\u00f9 complessi scenari di utilizzo e include tutti gli strumenti per gestire l&#8217;intero ciclo di vita delle attivit\u00e0 operative.<\/p>\n<p>A seconda delle configurazioni pu\u00f2 essere utilizzato come un <strong>Service Management System<\/strong> o come un <strong>Maintenance Management System<\/strong>.[\/vc_column_text][\/vc_column][vc_column offset=&#8221;vc_col-md-2 vc_col-xs-12&#8243; el_class=&#8221;push-top&#8221;][vc_btn title=&#8221;Contattaci&#8221; size=&#8221;lg&#8221; skin=&#8221;primary&#8221; link=&#8221;url:http%3A%2F%2Fwww.manutronix.com%2Findex.php%2Fcontatti%2F|||&#8221;][\/vc_column][\/vc_row][vc_row][vc_column width=&#8221;1\/2&#8243;][vc_empty_space height=&#8221;16px&#8221;]<div class=\"porto-sicon-box  wpb_custom_1efe903570d178ff0a9b7bfa5febd3a4 style_1 default-icon flex-wrap\"><div class=\"porto-sicon-default\"><div class=\"porto-just-icon-wrapper porto-icon none\" style=\"font-size:32px;\"><i class=\"fa fa-building\"><\/i><\/div><\/div><div class=\"porto-sicon-header\"><h3 class=\"porto-sicon-title\" style=\"\">Asset<\/h3><\/div> <!-- header --><div class=\"porto-sicon-description\" style=\"\">Gestione completa di ogni tipo di asset aziendale, da interi fabbricati ai macchinari tecnici.<\/div> <!-- description --><\/div><!-- porto-sicon-box -->[vc_empty_space height=&#8221;16px&#8221;][\/vc_column][vc_column width=&#8221;1\/2&#8243;][vc_empty_space height=&#8221;16px&#8221;]<div class=\"porto-sicon-box  wpb_custom_1efe903570d178ff0a9b7bfa5febd3a4 style_1 default-icon flex-wrap\"><div class=\"porto-sicon-default\"><div class=\"porto-just-icon-wrapper porto-icon none\" style=\"font-size:32px;\"><i class=\"fa fa-cogs\"><\/i><\/div><\/div><div class=\"porto-sicon-header\"><h3 class=\"porto-sicon-title\" style=\"\">Manutenzioni<\/h3><\/div> <!-- header --><div class=\"porto-sicon-description\" style=\"\">Manutronix \u00e8 un CMMS (Computerized Maintenance Management System) completo e professionale, adattabile agli scenari pi\u00f9 complessi e facile da utilizzare.<\/div> <!-- description --><\/div><!-- porto-sicon-box -->[vc_empty_space height=&#8221;16px&#8221;][\/vc_column][\/vc_row][vc_row][vc_column width=&#8221;1\/2&#8243;]<div class=\"porto-sicon-box  wpb_custom_1efe903570d178ff0a9b7bfa5febd3a4 style_1 default-icon flex-wrap\"><div class=\"porto-sicon-default\"><div class=\"porto-just-icon-wrapper porto-icon none\" style=\"font-size:32px;\"><i class=\"fa fa-users\"><\/i><\/div><\/div><div class=\"porto-sicon-header\"><h3 class=\"porto-sicon-title\" style=\"\">Service management<\/h3><\/div> <!-- header --><div class=\"porto-sicon-description\" style=\"\">Ordini di lavoro, workflow, notifiche e App mobile. Il modulo di Service management di Manutronix include tutte le funzionalit\u00e0 per gestire ogni tipo di servizio in modo facile ed efficiente.<\/div> <!-- description --><\/div><!-- porto-sicon-box -->[vc_empty_space height=&#8221;16px&#8221;][\/vc_column][vc_column width=&#8221;1\/2&#8243;]<div class=\"porto-sicon-box  wpb_custom_1efe903570d178ff0a9b7bfa5febd3a4 style_1 default-icon flex-wrap\"><div class=\"porto-sicon-default\"><div class=\"porto-just-icon-wrapper porto-icon none\" style=\"font-size:32px;\"><i class=\"fa fa-calendar\"><\/i><\/div><\/div><div class=\"porto-sicon-header\"><h3 class=\"porto-sicon-title\" style=\"\">Programmazione<\/h3><\/div> <!-- header --><div class=\"porto-sicon-description\" style=\"\">Il fiore all&#8217;occhiello di Manutronix: gestione della programmazione delle attivit\u00e0 da eseguire e allocazione ottima delle risorse. Vari algoritmi e gestione dei vincoli e della capacit\u00e0.<\/div> <!-- description --><\/div><!-- porto-sicon-box -->[vc_empty_space height=&#8221;16px&#8221;][\/vc_column][\/vc_row][vc_row][vc_column width=&#8221;1\/2&#8243;]<div class=\"porto-sicon-box  wpb_custom_1efe903570d178ff0a9b7bfa5febd3a4 style_1 default-icon flex-wrap\"><div class=\"porto-sicon-default\"><div class=\"porto-just-icon-wrapper porto-icon none\" style=\"font-size:32px;\"><i class=\"fa fa-eur\"><\/i><\/div><\/div><div class=\"porto-sicon-header\"><h3 class=\"porto-sicon-title\" style=\"\">Gestione vendite<\/h3><\/div> <!-- header --><div class=\"porto-sicon-description\" style=\"\">Tutti gli strumenti per gestire il ciclo attivo: dai contratti coi i Clienti alla fatturazione attiva, in maniera totalmente integrata con le attivit\u00e0 operative.<\/div> <!-- description --><\/div><!-- porto-sicon-box -->[\/vc_column][vc_column width=&#8221;1\/2&#8243;]<div class=\"porto-sicon-box  wpb_custom_1efe903570d178ff0a9b7bfa5febd3a4 style_1 default-icon flex-wrap\"><div class=\"porto-sicon-default\"><div class=\"porto-just-icon-wrapper porto-icon none\" style=\"font-size:32px;\"><i class=\"fa fa-pie-chart\"><\/i><\/div><\/div><div class=\"porto-sicon-header\"><h3 class=\"porto-sicon-title\" style=\"\">Business Intelligence<\/h3><\/div> <!-- header --><div class=\"porto-sicon-description\" style=\"\">Dashboards web e report multiformato per analizzare nel dettaglio le variabili chiave del tuo business e trarne il massimo valore.<\/div> <!-- description --><\/div><!-- porto-sicon-box -->[\/vc_column][\/vc_row][vc_row][vc_column][vc_separator color=&#8221;custom&#8221; gap=&#8221;tall&#8221; gradient=&#8221;yes&#8221;][\/vc_column][\/vc_row][vc_row][vc_column width=&#8221;7\/12&#8243;][vc_custom_heading text=&#8221;In <strong>Evidenza<\/strong>&#8221; use_theme_fonts=&#8221;yes&#8221;][vc_column_text el_class=&#8221;lead&#8221;]Le aziende di servizi possono cogliere grande valore nell\u2019utilizzare le best practice delle procedure e gli standard di <strong>service management<\/strong> applicate ai propri processi.<\/p>\n<p><strong>Manutronix<\/strong> \u00e8 lo strumento ideale per disciplinare ed organizzare le informazioni relative ai processi di : <strong>pianificazione<\/strong> (plan), <strong>erogazione<\/strong> (do), <strong>controllo<\/strong> (check) e <strong>revisione<\/strong> (act) delle attivit\u00e0 operative.[\/vc_column_text][vc_column_text]L\u2019utilizzo di <strong>Manutronix<\/strong> mette nelle mani dei diretti responsabili tutte le informazioni necessarie a gestire i processi, e permette la supervisione ed il controllo degli stessi in tempo reale tramite un set pre-configurato di KPI e Dashboards.[\/vc_column_text][\/vc_column][vc_column width=&#8221;1\/3&#8243; offset=&#8221;vc_col-sm-offset-1&#8243;][vc_single_image image=&#8221;654&#8243; img_size=&#8221;&#8221; alignment=&#8221;center&#8221; el_class=&#8221;push-top&#8221;][\/vc_column][\/vc_row][vc_row][vc_column][vc_separator color=&#8221;custom&#8221; gap=&#8221;tall&#8221; gradient=&#8221;yes&#8221;][\/vc_column][\/vc_row][vc_row][vc_column][vc_custom_heading text=&#8221;e <strong>inoltre&#8230;<\/strong>&#8221; use_theme_fonts=&#8221;yes&#8221;][\/vc_column][\/vc_row][vc_row][vc_column width=&#8221;1\/3&#8243;]<div class=\"porto-sicon-box  wpb_custom_d19604cdffb29d7fff587f504a941000 style_1 left-icon\"><div class=\"porto-sicon-body\"><div class=\"porto-sicon-header\"><h3 class=\"porto-sicon-title\" style=\"color:#43a047;\">Cloud &amp; Mobile<\/h3><\/div> <!-- header --><div class=\"porto-sicon-description\" style=\"\">Accesso via web e App per smartphone e tablet.<\/div> <!-- description --><\/div><\/div><!-- porto-sicon-box -->[\/vc_column][vc_column width=&#8221;1\/3&#8243;]<div class=\"porto-sicon-box  wpb_custom_d19604cdffb29d7fff587f504a941000 style_1 left-icon\"><div class=\"porto-sicon-body\"><div class=\"porto-sicon-header\"><h3 class=\"porto-sicon-title\" style=\"color:#43a047;\">Multiazienda, multilingua<\/h3><\/div> <!-- header --><div class=\"porto-sicon-description\" style=\"\">Per gestire i gruppi internazionali o i propri clienti.<\/div> <!-- description --><\/div><\/div><!-- porto-sicon-box -->[\/vc_column][vc_column width=&#8221;1\/3&#8243;]<div class=\"porto-sicon-box  wpb_custom_d19604cdffb29d7fff587f504a941000 style_1 left-icon\"><div class=\"porto-sicon-body\"><div class=\"porto-sicon-header\"><h3 class=\"porto-sicon-title\" style=\"color:#43a047;\">Scalabile<\/h3><\/div> <!-- header --><div class=\"porto-sicon-description\" style=\"\">Il sistema \u00e8 altamente scalabile in tempi rapidi. Ci\u00f2 facilita un approccio a gradi, che permette di massimizzare valore e formazione all&#8217;uso.<\/div> <!-- description --><\/div><\/div><!-- porto-sicon-box -->[\/vc_column][\/vc_row][vc_row][vc_column width=&#8221;1\/3&#8243;]<div class=\"porto-sicon-box  wpb_custom_d19604cdffb29d7fff587f504a941000 style_1 left-icon\"><div class=\"porto-sicon-body\"><div class=\"porto-sicon-header\"><h3 class=\"porto-sicon-title\" style=\"color:#43a047;\">Documentazione<\/h3><\/div> <!-- header --><div class=\"porto-sicon-description\" style=\"\">Manuali d\u2019uso in html, pdf, video.<\/div> <!-- description --><\/div><\/div><!-- porto-sicon-box -->[\/vc_column][vc_column width=&#8221;1\/3&#8243;]<div class=\"porto-sicon-box  wpb_custom_d19604cdffb29d7fff587f504a941000 style_1 left-icon\"><div class=\"porto-sicon-body\"><div class=\"porto-sicon-header\"><h3 class=\"porto-sicon-title\" style=\"color:#43a047;\">Autenticazione basata su ACL<\/h3><\/div> <!-- header --><div class=\"porto-sicon-description\" style=\"\">Opzionale autenticazione a 2 step (Google authenticator).<\/div> <!-- description --><\/div><\/div><!-- porto-sicon-box -->[\/vc_column][vc_column width=&#8221;1\/3&#8243;]<div class=\"porto-sicon-box  wpb_custom_d19604cdffb29d7fff587f504a941000 style_1 left-icon\"><div class=\"porto-sicon-body\"><div class=\"porto-sicon-header\"><h3 class=\"porto-sicon-title\" style=\"color:#43a047;\">Supporto<\/h3><\/div> <!-- header --><div class=\"porto-sicon-description\" style=\"\">SLA personalizzabili sulle base delle esigenze dei Clienti.<\/div> <!-- description --><\/div><\/div><!-- porto-sicon-box -->[\/vc_column][\/vc_row]<\/p>\n<\/div>","protected":false},"excerpt":{"rendered":"<p>[vc_row][vc_column][vc_custom_heading text=&#8221;Caratteristiche e le funzionalit\u00e0 chiave&#8221; use_theme_fonts=&#8221;yes&#8221;][\/vc_column][\/vc_row][vc_row][vc_column offset=&#8221;vc_col-md-10 vc_col-xs-12&#8243;][vc_column_text el_class=&#8221;featured lead&#8221;]Manutronix \u00e8 un software composto da vari moduli integrati tra loro. Il sistema si adatta facilmente ai pi\u00f9 complessi scenari di utilizzo e include tutti gli strumenti per gestire l&#8217;intero ciclo di vita delle attivit\u00e0 operative. A seconda delle configurazioni pu\u00f2 essere utilizzato come un [&hellip;]<\/p>\n","protected":false},"author":1,"featured_media":0,"parent":0,"menu_order":0,"comment_status":"closed","ping_status":"closed","template":"","meta":{"footnotes":""},"class_list":["post-67","page","type-page","status-publish","hentry"],"_links":{"self":[{"href":"https:\/\/www.manutronix.com\/index.php\/wp-json\/wp\/v2\/pages\/67","targetHints":{"allow":["GET"]}}],"collection":[{"href":"https:\/\/www.manutronix.com\/index.php\/wp-json\/wp\/v2\/pages"}],"about":[{"href":"https:\/\/www.manutronix.com\/index.php\/wp-json\/wp\/v2\/types\/page"}],"author":[{"embeddable":true,"href":"https:\/\/www.manutronix.com\/index.php\/wp-json\/wp\/v2\/users\/1"}],"replies":[{"embeddable":true,"href":"https:\/\/www.manutronix.com\/index.php\/wp-json\/wp\/v2\/comments?post=67"}],"version-history":[{"count":46,"href":"https:\/\/www.manutronix.com\/index.php\/wp-json\/wp\/v2\/pages\/67\/revisions"}],"predecessor-version":[{"id":552,"href":"https:\/\/www.manutronix.com\/index.php\/wp-json\/wp\/v2\/pages\/67\/revisions\/552"}],"wp:attachment":[{"href":"https:\/\/www.manutronix.com\/index.php\/wp-json\/wp\/v2\/media?parent=67"}],"curies":[{"name":"wp","href":"https:\/\/api.w.org\/{rel}","templated":true}]}}